mber?
True
Is (-9)/(-12) + (-7230)/(-24) a prime number?
False
Let u(b) = 39*b - 1. Is u(1) a composite number?
True
Let m(k) = 11*k**2 + 7. Let o be m(-5). Suppose 3*f - 2*a + 229 = -0*f, 0 = -4*f - 2*a - o. Is (-1)/(-2) - f/2 composite?
False
Let c be 2/5 + (-2)/5. Suppose -3*k + 275 = 4*j, c = -5*k - 5*j + 2*j + 440. Is k a composite number?
True
Let f(k) = -3*k - 3. Let b be f(7). Let h = b + 43. Suppose 2*w - w - h = 0. Is w prime?
True
Suppose -548 = -2*c + 366. Is c a prime number?
True
Let f = 11 + -7. Suppose 4*a = -f, -3*a - 2*a = 3*m + 2. Is 2/(-2*m) - -35 composite?
True
Let t(d) = d**3 + d - 3. Let q be t(0). Let u(k) = 8*k**2 + 4*k - 1. Let v be u(q). Let n = v + -34. Is n a prime number?
False
Suppose -5*y + 10*y = 345. Suppose 2*d = -z + y, 0 = z - 4*z + 3. Is d a prime number?
False
Is (-45)/(-105) + 14116/7 prime?
True
Suppose 5*b = -0*b - 160. Let i = b + -4. Is 0 + (0 + 1 - i) a composite number?
False
Let j = 17 - 48. Is (-2 + 2)*1 - j a prime number?
True
Is (-7324)/7*(-28)/8 a prime number?
False
Let j = 2 + 1. Suppose 4*z - 8*z = -2*a + 54, -j*z - 29 = -a. Is a composite?
False
Suppose 0 = 8*i - 7*i - 257. Is i a prime number?
True
Suppose 0 = -x - 3*b + 183, 2*x = 2*b + 3*b + 377. Suppose -2*f + 4*a + 124 = 0, 0*a + 4*a = -3*f + x. Let t = f - 25. Is t composite?
False
Suppose 5*v + 36 = 11, -55 = -5*n + 5*v. Is ((-2)/n)/(2/(-330)) a prime number?
False
Suppose -5*j = 36 - 2131. Is j a prime number?
True
Let m(r) = -r**3 + r**2 - 42. Let k be m(0). Let l = 18 + k. Let z = 37 + l. Is z prime?
True
Suppose -769 = 4*t - 2885. Is t prime?
False
Suppose 0 = -4*d - 2*n + 6624, 2*d + 2*d + n = 6626. Is d composite?
False
Let s(h) be the second derivative of -h**5/20 - h**4/2 - 2*h**3/3 - 7*h**2/2 + h. Let i be s(-6). Let v = i - 7. Is v a composite number?
True
Let y(d) = -d**3 + 2*d**2 + 2*d + 1. Let m be y(-1). Suppose -3*n = m - 8. Suppose 0 = n*g - 4*g + 178. Is g composite?
False
Suppose -5*l + 27 = 7. Let g be 146*1 - l/2. Let u = -55 + g. Is u a composite number?
False
Let o(k) = -5*k**3 + 2*k**2 + 2*k + 2. Is o(-2) composite?
True
Suppose -73 - 455 = -3*s. Suppose s = -2*l - 16. Let b = -11 - l. Is b a prime number?
False
Let m be 3*(1 + -2 + -14). Let n = m - -76. Is n composite?
False
Suppose -5*c = 20, -5*s + c = 6*c - 55. Is ((-3)/2)/(s/(-260)) a prime number?
False
Let u(x) = -103*x - 12. Is u(-7) a composite number?
False
Suppose -5*d = 1 - 11. Let o(a) = 5*a - a**2 + 2*a**2 + a**d - 7. Is o(-6) a composite number?
True
Let k = 500 + -241. Is k a composite number?
True
Let o = -5 + 10. Let v(f) = 33*f + 1. Let r be v(o). Let i = r - 75. Is i a prime number?
False
Is (-1)/(3 + (-202)/67) a prime number?
True
Suppose -3*y + 3*a = 5*a - 3037, -5*y + a + 5040 = 0. Is y prime?
True
Let j(q) = -2*q**3 + 2*q**2 + q - 1. Is j(-6) a prime number?
False
Suppose h = -4*x - 0*x, -4*x = -2*h. Suppose 5*z + h*z + 40 = 0. Let n = 93 + z. Is n a composite number?
True
Let s(j) be the third derivative of -j**6/720 + 77*j**5/120 - j**4/8 + 3*j**2. Let o(i) be the second derivative of s(i). Is o(0) composite?
True
Suppose -338 - 262 = -5*y. Suppose -5*q + y + 115 = 0. Is q composite?
False
Let s = 33 + 8. Let m(p) = -p + 2. Let q be m(0). Suppose -q*g + 3 = 3*c - 35, 0 = g - 4*c - s. Is g composite?
True
Let j(d) = 7*d**2 - 2*d - 10. Is j(-7) a prime number?
True
Let f be 3/(-2)*(-20)/(-6). Let b be 1/(-1)*(0 + f). Suppose 0*t = -b*t + 105. Is t a composite number?
True
Let b = -821 + 1470. Is b a prime number?
False
Let b be 1/((-6)/(-4) - 1). Let g(k) = 16*k - 3*k - 116 + 117 + 2*k. Is g(b) prime?
True
Let i be -8*-9*(-1)/(-2). Let j = 30 + i. Let d = -11 + j. Is d a prime number?
False
Let t be 1 + -2 + 2 + 2. Let a be 0/3 - (2 + -1). Is 1/(t*a/(-39)) a prime number?
True
Let v(g) = g**3 + 2*g**2 - 4*g + 7. Let p be v(5). Let k = -83 + p. Is k a prime number?
True
Suppose 3*n - 4*k - 617 = 0, 0*n + 3*k - 645 = -3*n. Is n a composite number?
False
Suppose 5*r - 2*r - 561 = 0. Is r prime?
False
Let y be -7 + 11 + (-3)/(-1). Suppose y*g + 68 = 1195. Is g composite?
True
Let h(i) = 3950*i - 7. Is h(1) a prime number?
True
Suppose -3*k - 47 = -4*v, 2*v + 2*k + 46 = 6*v. Let l = 0 + 0. Let b = v - l. Is b a composite number?
False
Suppose 2*x - 2*k + 199 = 3*x, 0 = 4*x + 4*k - 804. Is x a composite number?
True
Suppose -5*n - 1 = 3*w - 7, 4*n - 4*w + 8 = 0. Suppose n = -i + 116 + 251. Is i prime?
True
Suppose 2*x - 4*t = 203 + 95, x - 129 = -2*t. Is x a composite number?
False
Suppose 2*b - 16 = -w + 27, 5*w = 2*b + 275. Is w a prime number?
True
Let b(g) = -g - 3. Let i be 4/6*18/(-4). Let w be b(i). Suppose w = 2*l + l - 159. Is l a prime number?
True
Let x be (-10)/(-15) - 52/6. Let p(c) = c**2 - 2*c - 11. Is p(x) a prime number?
False
Let p(q) = -7*q**3 + 5*q**2 + 8*q + 15. Is p(-7) a prime number?
False
Let d(f) = 99*f - 6. Let i be d(-5). Let l(u) = 83*u**2 + 4*u - 1. Let s be l(3). Let t = s + i. Is t prime?
True
Is 1*(-463)/(-1)*15/3 a composite number?
True
Let d be 3/1*70/6. Let i = d + 0. Is i composite?
True
Let a = -386 - -178. Let o = -17 - a. Is o prime?
True
Suppose 0*w + 585 = 3*v + 3*w, 792 = 4*v + w. Is v composite?
False
Let t(z) = z**2 - 8*z - 8. Suppose 3*l = -7 - 14. Is t(l) composite?
False
Suppose -j + 3*w + 20 = 0, 2*w = 2*j - 3*w - 36. Is ((-502)/(-6))/(j/24) a composite number?
False
Let f(c) = 78*c + 1. Let o = -6 + 7. Is f(o) prime?
True
Suppose 4*z - 2 = 5*x, -5*x - 4*z - 14 = -2*x. Is 299 + x/(-2) + -2 composite?
True
Let b = -23 + 25. Suppose -b*r + 127 - 13 = 0. Is r prime?
False
Let r(k) = k**2 + 16*k. Let u(v) = v**2 + 16*v + 1. Let s(w) = 4*r(w) - 5*u(w). Is s(-7) prime?
False
Let p(t) be the third derivative of -7*t**5/60 - t**2. Let s be p(-1). Is (-2)/s - (-1107)/21 a composite number?
False
Let c = -8 - -8. Suppose 2*b - 3*b + 109 = m, -4*m - 2*b + 444 = c. Is m a composite number?
False
Let p be (3 + -2 - 0)*2. Suppose 28 = -2*u + p*t, 5*u + 42 = 2*u - 5*t. Is (-4)/u - 916/(-28) prime?
False
Suppose -2*k = -19 - 43. Is k prime?
True
Let m(y) = -3*y - 2. Let k be m(-4). Let v(q) = q**2 + 6 - 3 - 10*q - 3 + 7. Is v(k) a composite number?
False
Let k be (-105)/4 + (-1)/(-4). Let b = k + 113. Is b a composite number?
True
Let l be ((-2)/(-5))/(-1)*-5. Suppose -201 = -a - l*a. Is a a composite number?
False
Let c(b) = b**2 + 3*b + 1. Let i be c(-4). Suppose -i*y = -24 - 41. Is y a composite number?
False
Let d = -376 - -713. Is d composite?
False
Suppose -2*m + 201 = 2*x - 7*m, -2*x - 3*m + 209 = 0. Is x prime?
True
Let d(x) = 17*x**2 + 7*x + 7. Is d(5) prime?
True
Let o(g) = -13*g**3 - g**2 + 3*g + 3. Is o(-2) composite?
False
Let f(q) = q**2 - q + 1. Suppose -5*z + 28 = -2*l + l, 4*z = l + 23. Let o = 1 + l. Is f(o) composite?
False
Suppose -3*d + 7*d - 8 = 0. Suppose 205 = d*f - 177. Is f composite?
False
Let n(r) be the first derivative of 2*r**3/3 - 5*r**2/2 - 7*r + 3. Is n(6) a prime number?
False
Let v(w) = 3*w**2 - 2 + 4 + 5*w**2. Let z(x) = -2*x**3 - x**2 + 1. Let q be z(1). Is v(q) a prime number?
False
Suppose -2*p = -5*p + 21. Let k(n) be the second derivative of -n**5/20 + 2*n**4/3 + 2*n**3/3 - 5*n. Is k(p) prime?
False
Suppose 4*q - 4*h + 22 = -10, -5*h + 19 = -2*q. Let b(i) = -i**3 - 6*i**2 + 4*i - 6. Is b(q) prime?
False
Let n(v) = 2*v + 77. Is n(0) composite?
True
Let q be (1 - 2)/((-3)/9). Let m(c) be the third derivative of 17*c**4/12 + 2*c**3/3 - 6*c**2. Is m(q) a prime number?
False
Let u(t) = 5*t**3 - 5*t**2 + 4*t + 1. Let a(z) = 9*z**3 - 11*z**2 + 8*z + 1. Let g(v) = -4*a(v) + 7*u(v). Is g(5) a prime number?
True
Is (8 - 10)*718/(-4) a composite number?
False
Let h(n) = -277*n. Is h(-3) composite?
True
Suppose 2*o = 7*o. Suppose q + o*q = 0. Suppose 2*z = -3*t + 5*z + 117, q = t + 3*z - 23. Is t composite?
True
Is (0 - (1 + -2)) + 1762 + -4 composite?
False
Let i = -2285 + 4039. Is i a prime number?
False
Is 55/(2 + 3)*29 a composite number?
True
Let v(n) = -n + 1. Let h(y) = -y**3 + 11*y**2 - 10*y - 1. Let j be h(10). Let d be v(j). Suppose 15 - d = i. Is i prime?
True
Let p be (2 - 2)/((-1)/(-1)). Suppose 2 + p = -2*j. Is 1 + 1 - j*7 prime?
False
Suppose -3 = 2*g - 7. Let d(u) = -2 - 2 + u**2 + 2*u + g - 8. Is d(7) prime?
True
Suppose -2*j = -p + 2425 + 1944, 0 = -3*p